{"id":3455,"date":"2024-06-17T13:28:06","date_gmt":"2024-06-17T17:28:06","guid":{"rendered":"https:\/\/www.retraiteenaction.ca\/club-informatique\/?page_id=3455"},"modified":"2025-11-19T12:45:24","modified_gmt":"2025-11-19T17:45:24","slug":"telechargements-groupe-cafe-informatique","status":"publish","type":"page","link":"https:\/\/www.retraiteenaction.ca\/club-informatique\/telechargements-groupe-cafe-informatique\/","title":{"rendered":"1. T\u00e9l\u00e9chargements groupe caf\u00e9 technologique"},"content":{"rendered":"\r\n<figure class=\"wp-block-table  aligncenter style=\">\r\n<table class=\"has-fixed-layout\">\r\n<tbody>\r\n<tr>\r\n<td>\r\n<figure><a href=\"https:\/\/www.retraiteenaction.ca\/club-informatique\/wp-content\/uploads\/sites\/4\/2024\/06\/telecharger.png\"><img loading=\"lazy\" decoding=\"async\" class=\"alignnone wp-image-3470\" src=\"https:\/\/www.retraiteenaction.ca\/club-informatique\/wp-content\/uploads\/sites\/4\/2024\/06\/telecharger.png\" alt=\"\" width=\"108\" height=\"82\" \/><\/a><\/figure>\r\n<\/td>\r\n<td>\r\n<h2><span style=\"color: #008080;\"><strong>T\u00e9l\u00e9chargements<\/strong><\/span><\/h2>\r\n<h2><span style=\"color: #008080;\"><strong> Caf\u00e9 technologique<\/strong><\/span><\/h2>\r\n<\/td>\r\n<td>\r\n<figure><a href=\"https:\/\/www.retraiteenaction.ca\/club-informatique\/wp-content\/uploads\/sites\/4\/2024\/06\/telecharger.png\"><img loading=\"lazy\" decoding=\"async\" class=\"alignnone wp-image-3470\" src=\"https:\/\/www.retraiteenaction.ca\/club-informatique\/wp-content\/uploads\/sites\/4\/2024\/06\/telecharger.png\" alt=\"\" width=\"108\" height=\"82\" \/><\/a><\/figure>\r\n<\/td>\r\n<\/tr>\r\n<\/tbody>\r\n<\/table>\r\n<\/figure>\r\n\r\n\r\n\r\n\r\n\r\n\r\n\r\n\r\n\r\n\r\n\r\n\r\n\r\n\r\n\n<div class=\"wp-block-group conteneur-bouton-connexion\"><div class=\"wp-block-group__inner-container is-layout-constrained wp-block-group-is-layout-constrained\">\n<p class=\"wp-block-paragraph\">Vous devez \u00eatre membre de Retraite en Action pour avoir acc\u00e8s \u00e0 ce contenu.<\/p>\n\n\n\n<div class=\"wp-block-columns conteneur-colonnes-bouton-activigo is-layout-flex wp-container-core-columns-is-layout-8f761849 wp-block-columns-is-layout-flex\">\n<div class=\"wp-block-column is-vertically-aligned-center is-layout-flow wp-block-column-is-layout-flow\" style=\"flex-basis:50%\">\n<p class=\"wp-block-paragraph\">Si vous \u00eates d\u00e9j\u00e0 membre, connectez-vous ici:<\/p>\n<\/div>\n\n\n\n<div class=\"wp-block-column is-layout-flow wp-block-column-is-layout-flow\" style=\"flex-basis:50%\">\n<div class=\"wp-block-buttons is-horizontal is-layout-flex wp-block-buttons-is-layout-flex\">\n<div class=\"wp-block-button has-custom-width wp-block-button__width-50 has-custom-font-size connexion-activigo is-style-fill\" style=\"font-size:16px;text-decoration:none;text-transform:uppercase\"><a class=\"wp-block-button__link has-white-color has-text-color has-background has-link-color wp-element-button\" style=\"border-radius:10px;background-color:#1db3a6\">Acc\u00e8s membres<\/a><\/div>\n<\/div>\n<\/div>\n<\/div>\n<\/div><\/div>\n","protected":false},"excerpt":{"rendered":"<p>T\u00e9l\u00e9chargements Caf\u00e9 technologique<\/p>\n","protected":false},"author":6,"featured_media":0,"parent":0,"menu_order":0,"comment_status":"closed","ping_status":"closed","template":"","meta":{"_acf_changed":false,"_crdt_document":"","_monsterinsights_skip_tracking":false,"_monsterinsights_sitenote_active":false,"_monsterinsights_sitenote_note":"","_monsterinsights_sitenote_category":0,"_mc_calendar":[],"footnotes":""},"class_list":["post-3455","page","type-page","status-publish","hentry","has_thumb"],"acf":[],"aioseo_notices":[],"_links":{"self":[{"href":"https:\/\/www.retraiteenaction.ca\/club-informatique\/wp-json\/wp\/v2\/pages\/3455","targetHints":{"allow":["GET"]}}],"collection":[{"href":"https:\/\/www.retraiteenaction.ca\/club-informatique\/wp-json\/wp\/v2\/pages"}],"about":[{"href":"https:\/\/www.retraiteenaction.ca\/club-informatique\/wp-json\/wp\/v2\/types\/page"}],"author":[{"embeddable":true,"href":"https:\/\/www.retraiteenaction.ca\/club-informatique\/wp-json\/wp\/v2\/users\/6"}],"replies":[{"embeddable":true,"href":"https:\/\/www.retraiteenaction.ca\/club-informatique\/wp-json\/wp\/v2\/comments?post=3455"}],"version-history":[{"count":70,"href":"https:\/\/www.retraiteenaction.ca\/club-informatique\/wp-json\/wp\/v2\/pages\/3455\/revisions"}],"predecessor-version":[{"id":4786,"href":"https:\/\/www.retraiteenaction.ca\/club-informatique\/wp-json\/wp\/v2\/pages\/3455\/revisions\/4786"}],"wp:attachment":[{"href":"https:\/\/www.retraiteenaction.ca\/club-informatique\/wp-json\/wp\/v2\/media?parent=3455"}],"curies":[{"name":"wp","href":"https:\/\/api.w.org\/{rel}","templated":true}]}}